True
Is 2239201 composite?
False
Is 316439593 a prime number?
False
Is 176685109 a prime number?
True
Is 6023767 a composite number?
False
Is 41526097 a composite number?
True
Is 6618167 a prime number?
False
Is 1839091 a prime number?
True
Is 44063281 prime?
False
Is 3727837 a composite number?
False
Is 2742253 prime?
False
Is 9251079 a prime number?
False
Is 2206423 prime?
False
Is 46750846 a prime number?
False
Is 898437 composite?
True
Is 2417367 a prime number?
False
Is 108315037 prime?
True
Is 49418983 a prime number?
False
Is 3429401 a composite number?
True
Is 104489787 prime?
False
Is 664798 a prime number?
False
Is 5552653 a composite number?
True
Is 56707 prime?
False
Is 6445031 a prime number?
False
Is 14235889 a prime number?
True
Is 3127601 a composite number?
False
Is 7415087 a prime number?
True
Is 590939357 a prime number?
False
Is 38097341 composite?
False
Is 81531253 a prime number?
False
Is 3045793 a prime number?
True
Is 51922223 a composite number?
True
Is 15360307 composite?
True
Is 7040753 prime?
False
Is 91243462 a prime number?
False
Is 56085509 composite?
False
Is 18174391 prime?
False
Is 52629013 prime?
False
Is 29975281 a composite number?
True
Is 34419133 a prime number?
False
Is 1538423 a prime number?
False
Is 4154387 composite?
True
Is 49388197 prime?
True
Is 6305785 a prime number?
False
Is 5611381 a composite number?
True
Is 7484657 a composite number?
False
Is 390665903 prime?
True
Is 11170813 a prime number?
True
Is 9922027 a prime number?
False
Is 11286173 prime?
True
Is 3029153 a composite number?
True
Is 3858889 prime?
True
Is 1645249 prime?
True
Is 3362885 prime?
False
Is 186739853 a composite number?
True
Is 820561591 prime?
False
Is 190377991 a composite number?
False
Is 16538719 a composite number?
True
Is 64028459 composite?
True
Is 124000811 a prime number?
False
Is 81986 a composite number?
True
Is 20585561 a composite number?
False
Is 880483 composite?
False
Is 1055189 a prime number?
True
Is 5406671 a composite number?
False
Is 29672347 a composite number?
False
Is 62925637 a prime number?
False
Is 2316817 a prime number?
True
Is 387101329 prime?
True
Is 403762649 prime?
True
Is 48835897 composite?
True
Is 32320921 a prime number?
True
Is 10607293 composite?
True
Is 89273033 composite?
True
Is 92583307 a prime number?
True
Is 7192177 a composite number?
True
Is 4734502 composite?
True
Is 719981 prime?
True
Is 454744907 composite?
True
Is 27439798 a composite number?
True
Is 3773389 a prime number?
False
Is 200278709 a prime number?
True
Is 103398853 a prime number?
True
Is 1085857 a composite number?
False
Is 1488511 prime?
False
Is 206304121 a composite number?
False
Is 280386779 composite?
False
Is 2290960007 prime?
False
Is 9549131 a prime number?
False
Is 6693827 prime?
False
Is 98332187 prime?
True
Is 467772953 a composite number?
False
Is 73787149 a composite number?
True
Is 32601893 composite?
False
Is 112601318 composite?
True
Is 317317355 a composite number?
True
Is 3040087 composite?
False
Is 1755629 a composite number?
False
Is 73443407 composite?
True
Is 11574473 composite?
False
Is 94441849 prime?
True
Is 763699 composite?
False
Is 650051 prime?
False
Is 28158503 composite?
False
Is 3552467 a prime number?
False
Is 44217023 a composite number?
False
Is 1059209 prime?
True
Is 487740089 a composite number?
True
Is 5488381 a composite number?
False
Is 53972663 prime?
True
Is 279309071 a prime number?
True
Is 64607399 prime?
True
Is 222669793 a prime number?
True
Is 72384313 a prime number?
False
Is 23156767 a composite number?
False
Is 8670179 a composite number?
True
Is 1341121 a prime number?
True
Is 26709653 composite?
False
Is 84159541 a composite number?
False
Is 1293169 a prime number?
True
Is 8352203 a prime number?
False
Is 906977 a composite number?
True
Is 3327347 a composite number?
False
Is 17544701 prime?
True
Is 206197939 a composite number?
False
Is 964819745 composite?
True
Is 19454921 prime?
False
Is 428195 composite?
True
Is 2407303 a prime number?
False
Is 4851521 prime?
False
Is 600679 a prime number?
False
Is 105559 a composite number?
True
Is 548213 composite?
False
Is 17880347 a prime number?
True
Is 2099821 a prime number?
True
Is 1024693 a composite number?
False
Is 450205967 a composite number?
False
Is 4162337 a prime number?
True
Is 3253289 a composite number?
True
Is 661721 a composite number?
False
Is 85078195 composite?
True
Is 19883009 a composite number?
True
Is 1614806 a prime number?
False
Is 9478769 prime?
True
Is 4942501 a prime number?
True
Is 278371541 a composite number?
True
Is 203117 a composite number?
False
Is 1213685041 composite?
False
Is 1535269 a prime number?
True
Is 97981769 prime?
True
Is 18124061 prime?
True
Is 3423089 composite?
True
Is 67657 prime?
False
Is 14299671 a composite number?
True
Is 225565039 prime?
False
Is 2418293 composite?
False
Is 2914097 prime?
True
Is 43092809 composite?
False
Is 23833403 a prime number?
False
Is 1276846 a composite number?
True
Is 46218127 a composite number?
True
Is 4786799 a prime number?
True
Is 251084723 composite?
True
Is 20470291 a prime number?
True
Is 1266208865 composite?
True
Is 9785233 composite?
False
Is 58666327 a prime number?
True
Is 9006883 composite?
False
Is 15020303 a composite number?
False
Is 3478009 composite?
False
Is 1935629143 prime?
False
Is 24183233 prime?
True
Is 267378389 prime?
True
Is 270965 prime?
False
Is 2984521 prime?
True
Is 416866 composite?
True
Is 2777519 composite?
True
Is 9290893 prime?
True
Is 14437693 composite?
False
Is 34102603 a composite number?
False
Is 75540343 a composite number?
False
Is 1262771 a prime number?
True
Is 377933 a composite number?
True
Is 587702507 composite?
True
Is 111168349 a composite number?
True
Is 262709 prime?
True
Is 372732929 a composite number?
False
Is 32475441 a composite number?
True
Is 99766201 a prime number?
True
Is 50380409 composite?
False
Is 51250081 composite?
False
Is 100601 prime?
False
Is 2600161 composite?
False
Is 105443335 composite?
True
Is 45366245 composite?
True
Is 694861 prime?
False
Is 342773 composite?
True
Is 390143599 composite?
False
Is 14694299 a prime number?
True
Is 5641239 prime?
False
Is 3755173 composite?
True
Is 73577609 composite?
True
Is 32865223 a composite number?
False
Is 74949761 prime?
True
Is 1785851 prime?
True
Is 13830598 a composite number?
True
Is 1452413 prime?
True
Is 81515429 composite?
False
Is 2272643 a prime number?
False
Is 7915157 a prime number?
True
Is 1348989 a prime number?
False
Is 6178969 a composite number?
False
Is 415469269 prime?
False
Is 20124917 prime?
False
Is 2352898 a composite number?
True
Is 4356083 a prime number?
True
Is 221561 prime?
False
Is 1292851 a prime number?
False
Is 36207697 prime?
True
Is 2249719 a prime number?
True
Is 58206979 a prime number?
False
Is 60912329 a prime number?
False
Is 72847 composite?
True
Is 822839 prime?
True
Is 79490833 a prime number?
True
Is 33149321 prime?
True
Is 53531 composite?
True
Is 116213387 prime?
True
Is 1406409 prime?
False
Is 1528499 prime?
False
Is 322637 a composite number?
True
Is 21762501 a composite number?
True
Is 24682039 composite?
False
Is 163519127 prime?
True
Is 445654483 a prime number?
True
Is 851249013 a prime number?
False
Is 21835447 a prime number?
True
Is 53909879 prime?
True
Is 481886 a prime number?
False
Is 1131737 prime?
True
Is 1784795 composite?
True
Is 34615103 a prime number?
True
Is 1574306 composite?
True
Is 43461371 a composite number?
True
Is 945587 a prime number?
True
Is 31692253 a composite number?
True
Is 3193117 a composite number?
True
Is 14870789 a composite number?
False
Is 4468883 prime?
True
Is 33836051 a prime number?
True
Is 1399975747 a composite number?
True
Is 37886669 composite?
True
Is 1169081 a composite number?
False
Is 9872669 a prime number?
False
Is 6647177 a prime number?
False
Is 5869697 a prime number?
False
Is 47955187 composite?
True
Is 5941471 prime?
False
Is 29063449 composite?
False
Is 27131399 prime?
False
Is 2426461 prime?
False
Is 7719007 prime?
False
Is 11810203 prime?
True
Is 104146037 a composite number?
False
Is 370993 composite?
True
Is 7644331 prime?
False
Is 25392853 a composite number?
True
Is 60659449 composite?
True
Is 2120259 c